{"id":807,"date":"2026-05-04T15:00:29","date_gmt":"2026-05-04T15:00:29","guid":{"rendered":"https:\/\/www.maisondesdeuxgarcons.fr\/?page_id=807"},"modified":"2026-05-04T15:00:29","modified_gmt":"2026-05-04T15:00:29","slug":"cvg","status":"publish","type":"page","link":"https:\/\/www.maisondesdeuxgarcons.fr\/index.php\/cvg\/","title":{"rendered":"Mentions l\u00e9gales"},"content":{"rendered":"\n<p><strong>Conform\u00e9ment aux dispositions de la loi n\u00b0 2004-575 du 21 juin 2004 pour la confiance dans l\u2019\u00e9conomie num\u00e9rique (LCEN), il est port\u00e9 \u00e0 la connaissance des utilisateurs du site (www.maisondesdeuxgarcons.fr) les pr\u00e9sentes mentions l\u00e9gales.<\/strong><\/p>\n\n\n\n<h2 class=\"wp-block-heading\"><strong>1. \u00c9DITEUR DU SITE<\/strong><\/h2>\n\n\n\n<p><strong>Le site <\/strong><a href=\"http:\/\/www.maisondesdeuxgarcons.fr\"><strong>www.maisondesdeuxgarcons.fr<\/strong><\/a><strong> &nbsp;est \u00e9dit\u00e9 par :<\/strong><\/p>\n\n\n\n<ul class=\"wp-block-list has-background-color has-text-color has-link-color wp-elements-e4342a3b5167cc53d15b89293c69fba7\">\n<li><strong>Nom \/ Raison sociale : [Maison Des Deux Gar\u00e7ons by Marcel et Lex]<\/strong><\/li>\n\n\n\n<li><strong>Forme juridique: SAS, soci\u00e9te par actions simplif\u00e9e<\/strong><\/li>\n\n\n\n<li><strong>Adresse : [1 IMPASSE DES FOURS BANOUX, 19210 LUBERSAC.<\/strong><\/li>\n\n\n\n<li><strong>Num\u00e9ro de SIRET : (989 064 050 00010)<\/strong><\/li>\n\n\n\n<li><strong>Num\u00e9ro de TVA Intracommunautaire : FR89 989 064 050<\/strong><\/li>\n\n\n\n<li><strong>E-mail : info@maisondesdeuxgarcons.fr<\/strong><\/li>\n\n\n\n<li><strong>T\u00e9l\u00e9phone :+33 7 83 52 23 31<\/strong><\/li>\n<\/ul>\n\n\n\n<h2 class=\"wp-block-heading\"><strong>2. DIRECTEUR DE LA PUBLICATION<\/strong><\/h2>\n\n\n\n<p><strong>Le directeur de la publication du site est: R.M. van Raamsdonk<\/strong><\/p>\n\n\n\n<h2 class=\"wp-block-heading\"><strong>3. H\u00c9BERGEUR DU SITE<\/strong><\/h2>\n\n\n\n<p><strong>Le site est h\u00e9berg\u00e9 par :<\/strong><\/p>\n\n\n\n<ul style=\"padding-top:0;padding-bottom:0\" class=\"wp-block-list has-background-color has-text-color has-link-color wp-elements-27acf08a15127614358238cbd6871a98\">\n<li><strong>Nom de l&#8217;h\u00e9bergeur : Hostingvisions B.V.<\/strong><\/li>\n\n\n\n<li><strong>Adresse de l&#8217;h\u00e9bergeur : De Mook 23, 2203ZD, NOORDWIJK, PAYS BAS (NL)<\/strong><\/li>\n\n\n\n<li><strong>T\u00e9l\u00e9phone de l&#8217;h\u00e9bergeur : +31 (0)71 569 00 17<\/strong><\/li>\n<\/ul>\n\n\n\n<h2 class=\"wp-block-heading\"><strong>4. PROPRI\u00c9T\u00c9 INTELLECTUELLE<\/strong><\/h2>\n\n\n\n<p class=\"has-background-color has-text-color has-link-color wp-elements-65de15fbdd340b6dab6899a367aee339\"><strong>L&#8217;ensemble de ce site (textes, images, logos) rel\u00e8ve de la l\u00e9gislation fran\u00e7aise et internationale sur le droit d&#8217;auteur et la propri\u00e9t\u00e9 intellectuelle. Tous les droits de reproduction sont r\u00e9serv\u00e9s. Toute reproduction, repr\u00e9sentation, modification, publication, adaptation de tout ou partie des \u00e9l\u00e9ments du site, quel que soit le moyen ou le proc\u00e9d\u00e9 utilis\u00e9, est interdite, sauf autorisation \u00e9crite pr\u00e9alable de l&#8217;\u00e9diteur<\/strong><\/p>\n\n\n\n<h2 class=\"wp-block-heading\"><strong>5. PROTECTION DES DONN\u00c9ES PERSONNELLES<\/strong><\/h2>\n\n\n\n<p><strong>Conform\u00e9ment au R\u00e8glement G\u00e9n\u00e9ral sur la Protection des Donn\u00e9es (RGPD), vous disposez d&#8217;un droit d&#8217;acc\u00e8s, de rectification et de suppression des donn\u00e9es vous concernant. Pour exercer ce droit, vous pouvez nous contacter par e-mail \u00e0 : <\/strong><a href=\"mailto:info@maisondesdeuxgarcons.fr\"><strong>info@maisondesdeuxgarcons.fr<\/strong><\/a><strong> \u00a0<\/strong><strong>Les informations collect\u00e9es via nos formulaires sont destin\u00e9es exclusivement \u00e0 la gestion des r\u00e9servations et ne sont jamais transmises \u00e0 des tiers sans votre consentement<\/strong><\/p>\n","protected":false},"excerpt":{"rendered":"<p>Conform\u00e9ment aux dispositions de la loi n\u00b0 2004-575 du 21 juin 2004 pour la confiance dans l\u2019\u00e9conomie num\u00e9rique (LCEN), il est port\u00e9 \u00e0 la connaissance des utilisateurs du site (www.maisondesdeuxgarcons.fr) les pr\u00e9sentes mentions l\u00e9gales. 1. \u00c9DITEUR DU SITE Le site www.maisondesdeuxgarcons.fr &nbsp;est \u00e9dit\u00e9 par : 2. DIRECTEUR DE LA PUBLICATION Le directeur de la publication [&hellip;]<\/p>\n","protected":false},"author":1,"featured_media":0,"parent":0,"menu_order":0,"comment_status":"closed","ping_status":"closed","template":"","meta":{"footnotes":""},"class_list":["post-807","page","type-page","status-publish","hentry"],"_links":{"self":[{"href":"https:\/\/www.maisondesdeuxgarcons.fr\/index.php\/wp-json\/wp\/v2\/pages\/807","targetHints":{"allow":["GET"]}}],"collection":[{"href":"https:\/\/www.maisondesdeuxgarcons.fr\/index.php\/wp-json\/wp\/v2\/pages"}],"about":[{"href":"https:\/\/www.maisondesdeuxgarcons.fr\/index.php\/wp-json\/wp\/v2\/types\/page"}],"author":[{"embeddable":true,"href":"https:\/\/www.maisondesdeuxgarcons.fr\/index.php\/wp-json\/wp\/v2\/users\/1"}],"replies":[{"embeddable":true,"href":"https:\/\/www.maisondesdeuxgarcons.fr\/index.php\/wp-json\/wp\/v2\/comments?post=807"}],"version-history":[{"count":1,"href":"https:\/\/www.maisondesdeuxgarcons.fr\/index.php\/wp-json\/wp\/v2\/pages\/807\/revisions"}],"predecessor-version":[{"id":808,"href":"https:\/\/www.maisondesdeuxgarcons.fr\/index.php\/wp-json\/wp\/v2\/pages\/807\/revisions\/808"}],"wp:attachment":[{"href":"https:\/\/www.maisondesdeuxgarcons.fr\/index.php\/wp-json\/wp\/v2\/media?parent=807"}],"curies":[{"name":"wp","href":"https:\/\/api.w.org\/{rel}","templated":true}]}}